e highest common divisor of d and 29?
29
Suppose 2*m = m. Suppose 5*h - k + 5*k = 31, h + 3*k - 4 = m. Calculate the highest common divisor of h and 49.
7
Suppose 3*k - 65 = 5*u + 2*k, 4*u = -5*k - 23. Let p = 1 - u. Calculate the greatest common factor of p and 91.
13
Let t = -50 + 53. Calculate the greatest common divisor of 27 and t.
3
Suppose 5*t - 4*n = 50, 4*t + t + 2*n - 20 = 0. Calculate the highest common factor of 54 and t.
6
Let l(p) = 17*p**2 - 3*p + 1. Let m be l(3). Let u = m + -81. What is the highest common divisor of u and 16?
16
Let u(r) = 2*r - 8. Suppose -4*a = -7*a - y + 22, y = -5*a + 36. Let v be u(a). Calculate the highest common divisor of v and 3.
3
Let i(r) = -r**3 + 10*r**2 + 10. Let x be i(10). Suppose -20 = -0*o + o. Let g = o - -40. What is the greatest common factor of x and g?
10
Let p be (-99)/15 + (3 - 36/15). Let n be 92/9 - 6/27. Let u = n + p. Calculate the greatest common divisor of 4 and u.
4
Let y(l) = -10*l + l**2 + 3 + 1 + 0*l. Suppose 0*m = 3*m - 33. Let t be y(m). What is the greatest common factor of 5 and t?
5
Suppose -6 - 4 = -g. Calculate the greatest common divisor of g and 90.
10
Let v be (1/2)/(3/48). Let c(t) = -t**2 + 7*t - 2. Let x = 13 + -8. Let s be c(x). Calculate the highest common factor of v and s.
8
Suppose l - 40 = 2*x + 87, -2*x = -8. Calculate the greatest common factor of 45 and l.
45
Suppose 3*l + 2*l = 15, 11 = 4*m - 3*l. Suppose -2*z + 80 = -0*z. Calculate the highest common divisor of z and m.
5
Suppose 4*y - 3*g = -17, 4*y + g + 0*g + 5 = 0. Let f(o) = -o**3 - 2*o**2 - 4*o - 3. Let k be f(y). Calculate the highest common divisor of k and 55.
5
Let c = 22 - 17. Let a be -2*((-15)/6 - 0). What is the greatest common factor of a and c?
5
Suppose 6*y = 77 - 11. Calculate the greatest common divisor of 88 and y.
11
Let c(x) = 5*x**3 + x**2 + 3*x - 1. Let t be c(3). Let u(y) = y**2 + 7*y + 1. Let a = 11 - 20. Let f be u(a). What is the highest common factor of t and f?
19
Suppose -7 = -s + 1. What is the greatest common divisor of s and 4?
4
Let r(k) = k**2 - k - 22. Let x be r(10). Calculate the greatest common divisor of 4 and x.
4
Suppose 0 = 5*x + 2*n - 155, -23 = 4*x - n - 160. Let o = -16 + 41. Suppose 10 = i - 2*g + g, -3*g = 2*i - o. Calculate the greatest common divisor of x and i.
11
Let w = -5 - -8. Calculate the greatest common factor of w and 2.
1
Let n(d) = -d**3 + 5*d**2 + 3. Let g be n(5). Suppose 4*z - 3*u - 36 = 0, 0 = -3*z - z - g*u + 36. Calculate the greatest common factor of z and 9.
9
Let s be (1/2)/((-1)/(-14)). Suppose 0 = 2*q - 0*q - 16. Suppose -4*m - 3*h - q = h, -m - 5*h = 14. What is the greatest common divisor of s and m?
1
Let i be -1*4*9/6. Let h(z) = z**2 + 3*z - 6. Let u be h(i). Let c(v) = 3*v**2 + 7*v + 10. Let x be c(-7). What is the highest common factor of x and u?
12
Let j = -117 - -172. Let z(i) = i**3 + 8*i**2 + 8*i - 13. Let v be z(-6). What is the greatest common divisor of v and j?
11
Let s(m) = -3*m**2 - 13*m - 3. Let l be s(-4). What is the highest common factor of 1 and l?
1
Let k = 24 + -20. What is the greatest common factor of 4 and k?
4
Let r be 22/33*273/2. Calculate the greatest common divisor of r and 13.
13
Suppose 132 = -5*h + 7*h. Calculate the highest common factor of h and 22.
22
Let i be (-4)/(-6) + (-642)/(-9). Calculate the highest common divisor of i and 8.
8
Let n = 4 - 1. Let g(i) = -i**2 + 6*i - 4. Let d be g(n). Suppose 4*o - d*z - 34 = -4, z = 2*o - 12. Calculate the highest common divisor of o and 45.
5
Let b be 4/6 + 100/12. Let c(z) be the first derivative of z**3/3 - 3*z**2/2 + 2*z - 1. Let i be c(-7). Calculate the highest common divisor of b and i.
9
Let k(n) = 3*n + 2*n + 13*n**2 - 2 + 4. Let y be k(-3). Let q(w) = 2*w**2 + 6*w - 7. Let z be q(-5). What is the greatest common factor of z and y?
13
Let j be 5 - -1*(-2)/(-2). Let a be 4/(-10) + (-544)/(-10). Calculate the greatest common factor of a and j.
6
Let d(r) = -r**2 + 10*r. Let v = 3 + 4. Let h be d(v). What is the greatest common factor of h and 3?
3
Let z be (-4)/(-3)*(-45)/(-2). Calculate the greatest common factor of 12 and z.
6
Let j(u) = 36*u**2 - 1. Suppose 0*q - 2*q = -2. Let x be j(q). What is the greatest common factor of 5 and x?
5
Let r be (3/9)/(4/252). What is the greatest common divisor of 14 and r?
7
Let c = 73 + 63. Suppose 3*h = y - 0*h - 52, 3*y = 4*h + c. Calculate the greatest common divisor of y and 8.
8
Suppose 3*z = -3*f, 2*f - 3*z = -2*f. Suppose -2*x - x + 4*s + 641 = f, -4*s = -4*x + 848. Calculate the highest common divisor of 23 and x.
23
Let t = -89 - -49. Let u = -16 - t. What is the greatest common factor of 36 and u?
12
Let f = -14 + 50. Calculate the highest common divisor of 54 and f.
18
Let n(r) = -3*r**3 - 6*r**2 - r + 2. Let v be n(-2). What is the highest common divisor of 20 and v?
4
Suppose 3*w + 4*s + 35 = -1, -3*w + 3*s - 15 = 0. Let h be (96/(-10))/(9/(-60)). Let v = h + w. Calculate the highest common factor of 7 and v.
7
Let h = 106 - 66. Let f(i) = i - 1. Let x(d) = -5*d - 2. Let l(y) = -6*f(y) - x(y). Let b be l(0). What is the highest common factor of h and b?
8
Suppose -p = 2*p - 6, 2*p + 32 = 4*r. Let b = -33 - -96. What is the greatest common factor of b and r?
9
Let a = 105 - 61. Let y = 100 - 34. Calculate the greatest common factor of y and a.
22
Suppose 0 = -10*s + 12*s - 36. What is the greatest common divisor of 198 and s?
18
Let s = 57 + -37. What is the highest common divisor of 4 and s?
4
Let y(s) be the second derivative of s**3/6 + 44*s**2 + 2*s. Let p be y(0). Suppose 0 = 5*c - 6 - 34. Calculate the greatest common factor of p and c.
8
Let h = -17 - -34. Let m = 28 - h. Suppose 0 = -4*j - 5*w + 396, 3*j + 5*w = 141 + 156. What is the highest common factor of j and m?
11
Suppose -63 = -3*a + 3*k, 33 = 2*a + 5*k - 9. Suppose 7*p + 12 = 11*p. Calculate the greatest common divisor of a and p.
3
Let a be 9*6/(-9)*1. Let l = a - -10. What is the highest common factor of l and 4?
4
Let g(v) = v**3 + 7*v**2 + 9. Let m be g(-7). Let c be (-1 + -1)*m/(-6). Suppose -2*w + 18 + 24 = 0. Calculate the highest common factor of c and w.
3
Let r be (-38)/8 - (-3)/(-12). Let s be (-30)/r - (0 - 1). Let g be (42/9)/(2/9). Calculate the highest common factor of g and s.
7
Suppose -5*z + 18 = 3*q, 4*q = 5*z - 4*z + 24. What is the greatest common factor of 54 and q?
6
Let u = 15 + -13. Let s = 7 + u. What is the greatest common factor of 81 and s?
9
Suppose 3*d = -0*d + 9. Suppose 42 = d*y - 42. Calculate the highest common factor of y and 7.
7
Let o(w) = -2*w + 4. Suppose 3*r - 4*z + 18 = -z, 0 = 2*r + z + 6. Let q be o(r). Calculate the greatest common divisor of q and 108.
12
Let b = -55 - -74. What is the greatest common divisor of b and 76?
19
Let z(r) = 2*r**2 - r + 4. Let b be z(6). What is the highest common divisor of 35 and b?
35
Suppose 3*j = 4*v - 2*v - 20, -v - j + 10 = 0. Let o be (-82)/(-5) - v/25. What is the greatest common factor of o and 176?
16
Let n(k) = -k**3. Let f be n(0). Let p = f - -3. Suppose -p*i - 2*i = -4*s + 899, -2*s = -i - 457. Calculate the highest common divisor of 21 and s.
21
Let s be (-1310)/(-25) + (-2)/5. What is the greatest common factor of 130 and s?
26
Let n = -7 + 22. What is the highest common divisor of 3 and n?
3
Let r(m) = 2*m**2 + 2*m + 4 - 1 - m**3 + 2*m. Let h be r(-2). Let i = 22 + 22. What is the greatest common factor of i and h?
11
Let f(b) = -b**2 + 5*b + 7. Let z be f(6). Let q be -2 + -4 + z + -2. Let g = 16 + q. Calculate the greatest common divisor of 1 and g.
1
Suppose 2*y + h + 1 = 3*y, -4*y + 6 = -2*h. Let b be (270/21)/(y/14). Calculate the greatest common factor of 9 and b.
9
Let x = 10 - 6. Suppose 369 = 3*b + 15. Suppose 102 + b = x*v. What is the greatest common factor of 5 and v?
5
Let c be ((-24)/4)/(3/(-4)). Calculate the highest common divisor of 4 and c.
4
Suppose 129 = 2*j + l + 19, 5*j - 2*l - 266 = 0. Calculate the highest common divisor of 6 and j.
6
Let o(n) = 8*n - 23. Let v be o(7). Calculate the greatest common factor of v and 22.
11
Let s be 555/5 + -3 + -4. Calculate the highest common factor of s and 156.
52
Let r be 3/7 + (-150)/(-42). Let c be ((-16)/6)/(r/(-18)). Suppose f - z - 1 = 19, -f - 3*z = -c. Calculate t